37 + -1. Let x(v) = -v**2 - 519*v - 29506. Let q be x(-65). What is the greatest common factor of q and w?
4
Let a(z) = -144*z + 159. Let k be a(-4). What is the highest common factor of k and 15?
15
Let u = -61 - -41. Let w be u/(-1) + (-3 - (-3 - 1)). Let m = 520 - 511. What is the greatest common divisor of w and m?
3
Let t be (-85680)/(-16) + (-91)/(-13). What is the greatest common divisor of 56 and t?
14
Suppose 0 = -101*t + 79*t + 1439 + 629. What is the highest common factor of t and 1457?
47
Suppose 5*j - 227 = -309*k + 301*k, -2*k = -2*j + 70. Suppose 4*h - 78 + 26 = 0. What is the highest common divisor of j and h?
13
Let m(u) = 86*u**2 + 147*u + 131. Let c be m(-8). What is the greatest common factor of c and 13?
13
Let a be (1312 - -207)/(2/6). Calculate the greatest common divisor of 28 and a.
7
Let p = -29012 - -29156. What is the highest common divisor of 352 and p?
16
Let j = 201 - 198. Let b(o) = 2*o**2 + 13*o - 11. Let p be b(j). What is the highest common factor of 506 and p?
46
Suppose 2*r + 0*l = 3*l + 516, -1032 = -4*r + 3*l. Let f be 2/4 + (6 - (-11)/2). Calculate the highest common divisor of f and r.
6
Suppose 39*q - 291 = 36*q. Suppose 90*f = q*f - 637. Calculate the highest common factor of f and 13.
13
Let g = 6764 + 265. Calculate the greatest common factor of g and 198.
99
Suppose k + 2 = 0, 13*b - 15*b + 4*k + 14 = 0. What is the greatest common divisor of 831 and b?
3
Let g = -43012 + 47628. Calculate the greatest common divisor of g and 56.
8
Let w be 3/8 + (2/(-26) - (-1112108)/7904). What is the greatest common divisor of 18 and w?
3
Let t(a) = 803*a - 4656. Let r be t(6). Calculate the highest common divisor of r and 90.
18
Suppose -32*v - 3*j - 7353 = -36*v, 4*v = 4*j + 7352. Suppose -3*y = -3*u + v, -u - 4*y = u - 1220. What is the greatest common divisor of 17 and u?
17
Suppose -51*a - 6664 = -116*a - 71*a. Let m(d) = 2 - 2 + 0 + 1 - 3*d. Let t be m(-2). What is the highest common factor of a and t?
7
Suppose -120 = 3*s - 7*s - 2*t, 3*s - 90 = -t. What is the greatest common factor of s and 285?
15
Let j(z) = -3*z + 40. Let s be j(-13). Let o(u) = 18 + 75*u - s - 72*u. Let c be o(26). Calculate the highest common divisor of 68 and c.
17
Suppose 2*y + 10 = 0, 15 + 69 = 3*l - 3*y. Suppose 766 = 4*p - 3*b, -3*p + 758*b - 762*b + 512 = 0. Calculate the greatest common factor of p and l.
23
Suppose -117*o + 1374966 + 1650420 = 0. What is the highest common factor of 14 and o?
14
Suppose -152 = w - 20*w. Suppose -w*l = -23*l + 450. Calculate the greatest common factor of l and 20.
10
Suppose 150*o - 544 = 2606. Let z(g) = g**3 + 2*g**2 + 2*g + 1. Let q be z(4). What is the greatest common divisor of o and q?
21
Let w be 9 - 13 - (-249)/3. Suppose -7 = -3*x + 2*b, -3*x - 3*b = -7*b - 11. Calculate the highest common divisor of x and w.
1
Let f = -8 + 80. Let n = 332 - 144. Suppose f + n = 5*m. What is the highest common divisor of m and 26?
26
Let w(u) = -24*u + 256. Let q(x) = -36*x + 383. Let d(k) = -5*q(k) + 8*w(k). Let r be d(10). Calculate the greatest common divisor of r and 221.
13
Let t = -19 + 21. Suppose 0 = 2*f + t - 32. Let l be (-105 + -3)/(f/(-10)). What is the greatest common divisor of l and 9?
9
Let c(i) = -28*i**2 + 10*i + 11. Let q be c(-1). Let m(u) = -u**2 - 30*u - 35. Let x be m(q). Calculate the highest common divisor of 414 and x.
46
Let a(u) = -2*u**3 - 9*u**2 - 14*u + 8. Let y be a(-4). Calculate the greatest common factor of y and 1328.
16
Let d = 49 + -33. Let f = 208 - 207. Calculate the greatest common factor of f and d.
1
Suppose 2*u = 5*j + 30, -2*j - 3 - 5 = 0. Suppose u*m - 1386 = -13*m. What is the highest common divisor of m and 22?
11
Let b(p) = -5*p**3 - 17*p**2 - 31*p + 3. Let g(n) = 2*n**3 + n**2. Let r(t) = b(t) + 3*g(t). Let l be r(16). What is the highest common divisor of l and 171?
19
Let s(f) be the second derivative of 11*f**4/4 + 2*f**3/3 + f**2 + 9*f. Let w be s(-1). Suppose 8*q - w = 49. What is the highest common divisor of 8 and q?
2
Suppose 0 = 115*t + 4*t + 91*t - 2232930. What is the greatest common divisor of 217 and t?
217
Let h be 7/((-56)/(-12))*(-8)/(-3). Suppose h*d = -8, -d + 2*d = -2*s + 76. Suppose s*u - 34*u = 180. What is the greatest common divisor of 27 and u?
9
Let c(t) = 13*t**2 - 1 + 12*t**2 - t - 2*t**2. Suppose n + 4*q + 20 = -3*n, -5*n + 11 = -4*q. Let f be c(n). What is the highest common factor of 253 and f?
23
Suppose 0 = 2*p + 3*l - 61, -123*l + 124*l - 127 = -4*p. What is the greatest common factor of 130 and p?
2
Let x(s) = s**3 - s**2 - 10*s + 9. Suppose -12*t + 11*t + 4 = 0. Let q be x(t). Calculate the highest common factor of 102 and q.
17
Let u be (6/(-7))/((-297)/6930). What is the greatest common divisor of u and 1210?
10
Suppose 4*d - 2336 = -4*z, -5*d = z - 1989 - 927. What is the greatest common divisor of 636 and d?
53
Suppose 7 = -8*w + 63. Suppose 0*v = v - 5*q - w, 0 = -v - 3*q + 7. Calculate the highest common divisor of 21 and v.
7
Suppose 0*n = 3*n - 651. Let w = -214 - -216. Suppose o = 2*k + 31, -o - 2*o - w*k + 93 = 0. What is the highest common divisor of o and n?
31
Suppose 18560 = 181*a - 65*a. Suppose -5*o + 74 = 24. Calculate the greatest common factor of o and a.
10
Let g(l) = -68*l - 12. Let k be g(-1). Suppose 3*o = -4*b + k, 5*o + 2*b - 108 = -b. Calculate the highest common factor of 16 and o.
8
Suppose -2*b - 4*f + 52 = 0, 2*b + 0*f = f + 77. Suppose -b - 9 = -3*w. Suppose c + 0*c = -t - 1, 5*c + w = 0. What is the greatest common factor of 18 and t?
2
Suppose 35*u - 6325 = -11*u + 7107. Calculate the greatest common factor of 48 and u.
4
Suppose -4*s = -13403 + 603. Suppose -50*p = -25*p - s. What is the highest common divisor of 12 and p?
4
Let t = 571 + -340. Let n = -320 + 323. Suppose h - 5*u = 41, -n*u + 72 = 7*h - 3*h. Calculate the highest common divisor of t and h.
21
Let t(c) = -c**3 + 9*c**2 + 25*c + 3. Let r be t(11). Calculate the highest common divisor of r and 132.
12
Suppose 5*v - 200 = v. Let s = -1205 - -1210. Suppose 2*g - 130 - 278 = -2*j, -4*g = -s*j - 780. What is the highest common factor of g and v?
50
Let v(z) = -z**3 + 74*z**2 - 445*z + 317. Let g be v(67). What is the highest common factor of 44 and g?
11
Let f be 4535874/945 + (-7)/15*10/(-35). What is the highest common factor of 750 and f?
150
Let b be (22/(-44) + (-21)/(-10))/(12/180). What is the highest common divisor of b and 2094?
6
Let a be 8/(-3)*(0 + -3). Let s(n) = 2*n**2 - 9*n + 3. Let h be (-5 - 5)/(-4*3/6). Let g be s(h). What is the greatest common factor of g and a?
8
Suppose -31*r = -9*r + 17196 - 149900. Calculate the greatest common factor of 58 and r.
58
Let h(t) = -5*t - 1. Suppose 2*o = -3 - 1. Let y be h(o). Let u(x) = -12*x**2 + 350*x + 41. Let z be u(29). Calculate the highest common divisor of y and z.
9
Let u be 1156/3179 - (0 - 168/22). Calculate the highest common divisor of u and 151.
1
Let s = -1487 + 2277. Let y be (-3)/(-18)*s - 2/3. Let o be (2/5)/(26/65) + y. Calculate the greatest common divisor of o and 12.
12
Suppose 4 = -g + 5*g. Let z = 169 - -44. Let k = z - 209. What is the greatest common divisor of k and g?
1
Let u(b) = -2*b**2 - 46*b + 1. Let c = -62 - -40. Let d be u(c). What is the greatest common factor of 45 and d?
45
Let t be 4 + 3/(3 - -3)*-6. Suppose -o - t = 3*j + 9, -5*j = -o + 22. Let m be (-3*o/7)/(3/(-21)). Calculate the highest common factor of 60 and m.
6
Let u(m) = -m**3 - 15*m**2 + 54*m - 255. Let d be u(-31). What is the highest common divisor of 119 and d?
119
Let i = -31 + -176. Let s = i + 229. Calculate the highest common divisor of 44 and s.
22
Suppose -212*a + 15 = -209*a. Let z be 10 + 4 + (-12)/3. Calculate the highest common factor of a and z.
5
Let v be (-4642)/(-16) + 2*(-3)/48. Let g = v + -482. Let k = 363 + g. Calculate the greatest common factor of 19 and k.
19
Suppose 7*j + 30 - 86 = 0. Suppose 0 = j*m + 302 - 1142. What is the greatest common factor of m and 42?
21
Let i(v) = v**2 - 19*v + 93. Let w be i(9). Suppose 10 = 4*r + 30, 4*r = -w*b + 100. Calculate the greatest common divisor of b and 8.
8
Let y = -3840 - -3854. Calculate the greatest common divisor of y and 63.
7
Let t be 7 - ((-6)/9 - (-55)/15). Suppose 34 = t*s - 86. Calculate th